{"id":2828,"date":"2019-02-18T17:20:41","date_gmt":"2019-02-18T16:20:41","guid":{"rendered":"https:\/\/gms-vordere-alb.de\/?page_id=2828"},"modified":"2024-01-23T09:56:11","modified_gmt":"2024-01-23T08:56:11","slug":"mensa","status":"publish","type":"page","link":"https:\/\/gms-vordere-alb.de\/index.php\/mensa\/","title":{"rendered":"Mensa"},"content":{"rendered":"<div class=\"fusion-fullwidth fullwidth-box fusion-builder-row-1 nonhundred-percent-fullwidth non-hundred-percent-height-scrolling\" style=\"--awb-border-radius-top-left:0px;--awb-border-radius-top-right:0px;--awb-border-radius-bottom-right:0px;--awb-border-radius-bottom-left:0px;--awb-flex-wrap:wrap;\" ><div class=\"fusion-builder-row fusion-row\"><div class=\"fusion-layout-column fusion_builder_column fusion-builder-column-0 fusion_builder_column_1_3 1_3 fusion-one-third fusion-column-first\" style=\"--awb-bg-size:cover;width:33.333333333333%;width:calc(33.333333333333% - ( ( 4% ) * 0.33333333333333 ) );margin-right: 4%;\"><div class=\"fusion-column-wrapper fusion-flex-column-wrapper-legacy\"><div class=\"fusion-clearfix\"><\/div><\/div><\/div><div class=\"fusion-layout-column fusion_builder_column fusion-builder-column-1 fusion_builder_column_2_3 2_3 fusion-two-third fusion-column-last\" style=\"--awb-bg-size:cover;width:66.666666666667%;width:calc(66.666666666667% - ( ( 4% ) * 0.66666666666667 ) );\"><div class=\"fusion-column-wrapper fusion-flex-column-wrapper-legacy\"><div class=\"fusion-text fusion-text-1\"><h2>Mensa- und Betreuungsteam<\/h2>\n<div class=\"page\" title=\"Page 1\">\n<div class=\"layoutArea\">\n<div class=\"column\">\n<p>Montag bis Donnerstag in der Zeit von ca.12.20- 13.30 Uhr werden die Sch\u00fcler in der Mittagspause sinnvoll betreut und beaufsichtigt. Sie haben, neben der M\u00f6glichkeit miteinander Gesellschaftsspiele zu spielen, Zeit die angebotenen Outdoorspiele (H\u00fcpfseile, Wikingerschach, Federball, Fu\u00dfball etc.) im Freien zu nutzen. Ebenfalls k\u00f6nnen wir z.Zt. bei schlechtem Wetter die Turnhalle nutzen.<\/p>\n<p>Zu unseren Aufgaben geh\u00f6rt neben der Betreuung der Sch\u00fcler w\u00e4hrend der Mittagspause, dieVerwaltung des Bestellsystems \u201eSams-on\u201c.<br \/>\nKinder\/Eltern k\u00f6nnen mit dem pers\u00f6nlichen Zugang (Ausweisnummer und Pin) Essen f\u00fcr die kommende Woche bestellen oder gegebenenfalls stornieren.<\/p>\n<p>Bei Fragen und Anregungen stehen wir Ihnen zur Verf\u00fcgung<\/p>\n<\/div>\n<\/div>\n<\/div>\n<p>Hier die wichtigsten Links f\u00fcr die Mensa:<\/p>\n<p><a href=\"http:\/\/mensahuelben.sams-on.de\">Mensa- System SAMS-ON H\u00fclben (Info,Anmeldung,K\u00fcndigung)<\/a><\/p>\n<p><a href=\"https:\/\/roemerstein.sams-on.de\" target=\"_blank\" rel=\"noopener noreferrer\">Mensa-System SAMS-ON B\u00f6hringen<\/a><\/p>\n<p><a href=\"https:\/\/gms-vordere-alb.de\/wp-content\/uploads\/2018\/11\/MensaRoemerstein.doc\" target=\"_blank\" rel=\"noopener noreferrer\">Anmeldung zur Mensa B\u00f6hringen<\/a><\/p>\n<p><a href=\"https:\/\/gms-vordere-alb.de\/wp-content\/uploads\/2018\/12\/K\u00fcndigung_Mensa.doc\">K\u00fcndigung Mensa B\u00f6hringen<\/a><\/p>\n<p><a href=\"https:\/\/gms-vordere-alb.de\/wp-content\/uploads\/2024\/01\/Elternschreiben_Mensa_23.doc\">Elternschreiben_Mensa_23<\/a><\/p>\n<p><a href=\"https:\/\/gms-vordere-alb.de\/wp-content\/uploads\/2019\/07\/Antrag_Befreiung_Mittagsbetreuung.doc\">Antrag_Befreiung_Mittagsbetreuung<\/a><\/p>\n<h4><\/h4>\n<\/div><div class=\"fusion-clearfix\"><\/div><\/div><\/div><\/div><\/div>\n","protected":false},"excerpt":{"rendered":"","protected":false},"author":7,"featured_media":0,"parent":0,"menu_order":0,"comment_status":"closed","ping_status":"closed","template":"","meta":{"footnotes":""},"class_list":["post-2828","page","type-page","status-publish","hentry"],"_links":{"self":[{"href":"https:\/\/gms-vordere-alb.de\/index.php\/wp-json\/wp\/v2\/pages\/2828","targetHints":{"allow":["GET"]}}],"collection":[{"href":"https:\/\/gms-vordere-alb.de\/index.php\/wp-json\/wp\/v2\/pages"}],"about":[{"href":"https:\/\/gms-vordere-alb.de\/index.php\/wp-json\/wp\/v2\/types\/page"}],"author":[{"embeddable":true,"href":"https:\/\/gms-vordere-alb.de\/index.php\/wp-json\/wp\/v2\/users\/7"}],"replies":[{"embeddable":true,"href":"https:\/\/gms-vordere-alb.de\/index.php\/wp-json\/wp\/v2\/comments?post=2828"}],"version-history":[{"count":15,"href":"https:\/\/gms-vordere-alb.de\/index.php\/wp-json\/wp\/v2\/pages\/2828\/revisions"}],"predecessor-version":[{"id":5020,"href":"https:\/\/gms-vordere-alb.de\/index.php\/wp-json\/wp\/v2\/pages\/2828\/revisions\/5020"}],"wp:attachment":[{"href":"https:\/\/gms-vordere-alb.de\/index.php\/wp-json\/wp\/v2\/media?parent=2828"}],"curies":[{"name":"wp","href":"https:\/\/api.w.org\/{rel}","templated":true}]}}