{"id":12,"date":"2017-12-14T10:52:05","date_gmt":"2017-12-14T09:52:05","guid":{"rendered":"http:\/\/theme-fusion.com\/avada\/university\/?page_id=12"},"modified":"2017-12-20T16:42:20","modified_gmt":"2017-12-20T15:42:20","slug":"info","status":"publish","type":"page","link":"https:\/\/gms-vordere-alb.de\/index.php\/info\/","title":{"rendered":"Info"},"content":{"rendered":"<div class=\"fusion-fullwidth fullwidth-box fusion-builder-row-1 nonhundred-percent-fullwidth non-hundred-percent-height-scrolling\" style=\"--awb-background-position:left top;--awb-border-radius-top-left:0px;--awb-border-radius-top-right:0px;--awb-border-radius-bottom-right:0px;--awb-border-radius-bottom-left:0px;--awb-padding-top:90px;--awb-padding-bottom:4%;--awb-background-color:#faf9f8;--awb-border-sizes-top:0px;--awb-border-sizes-bottom:0px;--awb-flex-wrap:wrap;\" ><div class=\"fusion-builder-row fusion-row\"><div class=\"fusion-layout-column fusion_builder_column fusion-builder-column-0 fusion_builder_column_1_6 1_6 fusion-one-sixth fusion-column-first fusion-no-small-visibility\" style=\"--awb-bg-size:cover;width:13.3333%; margin-right: 4%;\"><div class=\"fusion-column-wrapper fusion-flex-column-wrapper-legacy\"><div class=\"fusion-clearfix\"><\/div><\/div><\/div><div class=\"fusion-layout-column fusion_builder_column fusion-builder-column-1 fusion_builder_column_2_3 2_3 fusion-two-third\" style=\"--awb-bg-size:cover;--awb-margin-bottom:30px;width:65.3333%; margin-right: 4%;\"><div class=\"fusion-column-wrapper fusion-flex-column-wrapper-legacy\"><div class=\"fusion-text fusion-text-1\"><h2 style=\"text-align: center;\">Kleine Schule ganz gross<\/h2>\n<\/div><div class=\"fusion-sep-clear\"><\/div><div class=\"fusion-separator\" style=\"margin-left: auto;margin-right: auto;margin-top:15px;margin-bottom:60px;width:100%;max-width:170px;\"><div class=\"fusion-separator-border sep-single sep-solid\" style=\"--awb-height:20px;--awb-amount:20px;--awb-sep-color:#ef9a3d;border-color:#ef9a3d;border-top-width:1px;\"><\/div><\/div><div class=\"fusion-sep-clear\"><\/div><div class=\"fusion-text fusion-text-2\"><p>Die geringe Gr\u00f6\u00dfe unserer Schule empfinden wir als eine unserer besonderen St\u00e4rken. Gelebtes Miteinander ist nur dort m\u00f6glich, wo man sich kennt und allt\u00e4glich begegnet. Das Kollegium der Gemeinschaftsschule empfindet es als seine Pflicht, gerade in diesem famili\u00e4ren Umfeld einen gerechten Umgang mit allen Sch\u00fclern zu pflegen. Aber nicht nur Lehrer und Sch\u00fcler kennen sich, sondern man kennt auch uns innerhalb der Gemeinde. Seit Generationen besuchen Sch\u00fclerinnen und Sch\u00fcler der Teilorte unsere Gemeinschaftsschule und mit Stolz k\u00f6nnen wir sagen, dass wir ein anerkanntes und beliebtes Puzzlest\u00fcck innerhalb eines funktionierenden Gemeindelebens sind.<\/p>\n<p>In der Gewissheit, dass Lernen nur innerhalb lebensnaher und praxisorientierter Lebenssituationen m\u00f6glich ist, orientieren wir uns bei der Vermittlung von Lerninhalten an ganzheitlichen Aufgabenstellungen, die das praktische Handeln der Sch\u00fcler erfordern. Wichtig ist uns, dass Unterricht lebensnah und handlungsorientiert ist und Lernen in gr\u00f6\u00dferen Sinnzusammenh\u00e4ngen stattfindet.<\/p>\n<p>In diesem Zusammenhang sind wir auch um die Zusammenarbeit mit regionalen Betrieben bem\u00fcht. Durch diese Kooperation gew\u00e4hrleisten wir eine praxisorientierte Ausbildung und erleichtern den \u00dcbergang der Sch\u00fcler ins Berufsleben. Welche Charaktereigenschaft ist es, die unseren Sch\u00fclern in einer sich schnell ver\u00e4ndernden Gesellschaft den notwendigen Halt gibt, um ein gl\u00fcckliches uns selbstbestimmtes Leben zu f\u00fchren? Wir sind der \u00dcberzeugung, dass die Antwort lautet: \u201eBodenst\u00e4ndigkeit\u201c. Denn in diesem scheinbar altmodischen Begriff sind Werte enthalten, die das Zusammenleben innerhalb einer Gesellschaft erst m\u00f6glich machen, n\u00e4mlich Konstanz, Sicherheit, Zuverl\u00e4ssigkeit und Verantwortlichkeit.<\/p>\n<\/div><div class=\"fusion-clearfix\"><\/div><\/div><\/div><div class=\"fusion-layout-column fusion_builder_column fusion-builder-column-2 fusion_builder_column_1_6 1_6 fusion-one-sixth fusion-column-last fusion-no-small-visibility\" style=\"--awb-bg-size:cover;width:13.3333%;\"><div class=\"fusion-column-wrapper fusion-flex-column-wrapper-legacy\"><div class=\"fusion-sep-clear\"><\/div><div class=\"fusion-separator fusion-full-width-sep\" style=\"margin-left: auto;margin-right: auto;margin-top:20px;width:100%;\"><\/div><div class=\"fusion-sep-clear\"><\/div><div class=\"fusion-clearfix\"><\/div><\/div><\/div><\/div><\/div>\n","protected":false},"excerpt":{"rendered":"","protected":false},"author":7,"featured_media":0,"parent":0,"menu_order":0,"comment_status":"closed","ping_status":"closed","template":"100-width.php","meta":{"footnotes":""},"class_list":["post-12","page","type-page","status-publish","hentry"],"_links":{"self":[{"href":"https:\/\/gms-vordere-alb.de\/index.php\/wp-json\/wp\/v2\/pages\/12","targetHints":{"allow":["GET"]}}],"collection":[{"href":"https:\/\/gms-vordere-alb.de\/index.php\/wp-json\/wp\/v2\/pages"}],"about":[{"href":"https:\/\/gms-vordere-alb.de\/index.php\/wp-json\/wp\/v2\/types\/page"}],"author":[{"embeddable":true,"href":"https:\/\/gms-vordere-alb.de\/index.php\/wp-json\/wp\/v2\/users\/7"}],"replies":[{"embeddable":true,"href":"https:\/\/gms-vordere-alb.de\/index.php\/wp-json\/wp\/v2\/comments?post=12"}],"version-history":[{"count":7,"href":"https:\/\/gms-vordere-alb.de\/index.php\/wp-json\/wp\/v2\/pages\/12\/revisions"}],"predecessor-version":[{"id":2216,"href":"https:\/\/gms-vordere-alb.de\/index.php\/wp-json\/wp\/v2\/pages\/12\/revisions\/2216"}],"wp:attachment":[{"href":"https:\/\/gms-vordere-alb.de\/index.php\/wp-json\/wp\/v2\/media?parent=12"}],"curies":[{"name":"wp","href":"https:\/\/api.w.org\/{rel}","templated":true}]}}